+ -1112100?
-100202120
In base 7, what is 214323341 + 3?
214323344
In base 4, what is -1 + -12322101201310?
-12322101201311
In base 16, what is 72eea - -ef?
72fd9
In base 8, what is 65060 + 1263?
66343
In base 12, what is -339 + -191618?
-191955
In base 13, what is -1109 + -b1?
-11ba
In base 10, what is -4185 - 547?
-4732
In base 6, what is 232444445 - -1?
232444450
In base 2, what is -10000 + -10000010000101011111100011?
-10000010000101011111110011
In base 14, what is -10082 - 7d9?
-1087b
In base 13, what is 0 - 226c07?
-226c07
In base 12, what is 6041 - 118?
5b25
In base 3, what is -210 - 11200110101?
-11200111011
In base 13, what is -2902 - -33978?
31076
In base 2, what is -101010010 - 1000010010001011?
-1000010111011101
In base 10, what is -126478 - 1556?
-128034
In base 8, what is -150616 - -7?
-150607
In base 12, what is -21152b - 0?
-21152b
In base 12, what is -8200 + -94?
-8294
In base 11, what is -23548 + -36?
-23583
In base 10, what is 3185423 + 6?
3185429
In base 12, what is 35033 - -579?
355b0
In base 6, what is -5112205054 + 1?
-5112205053
In base 2, what is -10 - 1110001110111111101001?
-1110001110111111101011
In base 13, what is -8a5c2 + a?
-8a5b5
In base 5, what is 11 - -314414344443?
314414400004
In base 14, what is 7126 - 247?
6cbd
In base 3, what is 122012 + -10200210220?
-10200011201
In base 12, what is 1975b + 9a2?
1a541
In base 14, what is 3314146 + -5?
3314141
In base 2, what is 111001111 - -1111011110010100100?
1111011111001110011
In base 2, what is -100010101 + 10011101101000100111111?
10011101101000000101010
In base 2, what is -111110101110000011101 + -111111?
-111110101110001011100
In base 15, what is 2e2ba4a + -1a?
2e2ba30
In base 10, what is -9 + -642082?
-642091
In base 4, what is 1022211233 - -23213?
1022301112
In base 12, what is 185a3 - -280?
18863
In base 8, what is 33 - 11333300?
-11333245
In base 15, what is 7c33e - -4d0?
7c81e
In base 12, what is -7b546a4 - -4?
-7b546a0
In base 4, what is -1222313231020 - 12?
-1222313231032
In base 3, what is -1011112101002000010 + 1?
-1011112101002000002
In base 2, what is 11001 + 11100001010001010000110?
11100001010001010011111
In base 7, what is 563162306 + -1?
563162305
In base 13, what is -542c68 - 1?
-542c69
In base 4, what is -21221022322203 + 11?
-21221022322132
In base 15, what is 141c6d - b?
141c62
In base 7, what is 0 - 133261101?
-133261101
In base 4, what is 10021313331 + 110?
10021320101
In base 2, what is 110001110100111111 + -110011111?
110001101110100000
In base 3, what is -2120122221000020 - 10?
-2120122221000100
In base 16, what is 49689 - -e5?
4976e
In base 13, what is -150a2 + -176?
-15248
In base 5, what is 3200142 - 241104?
2404033
In base 10, what is -208 + 41991?
41783
In base 10, what is -325 + -241920?
-242245
In base 13, what is -3856ac - -c4?
-3855b8
In base 14, what is 516ba2 - -19d?
516d61
In base 12, what is -3044 + a66?
-219a
In base 11, what is -2433519 + 8a?
-243343a
In base 6, what is -1025 - 1222123?
-1223152
In base 7, what is 351 + -1163632?
-1163251
In base 15, what is 4583de + a?
4583e9
In base 2, what is -11010100110110111011111 + 10?
-11010100110110111011101
In base 13, what is 350b26 - -41?
350b67
In base 4, what is 12 + 132013030?
132013102
In base 9, what is -746 + 355460?
354613
In base 14, what is 6751 - 1646?
5109
In base 15, what is 882 + -2817?
-1e85
In base 9, what is -17825765 + -30?
-17825805
In base 8, what is 25 + 302347400?
302347425
In base 12, what is -135 + 92626?
924b1
In base 10, what is -11 - 1095624?
-1095635
In base 7, what is -5555242 + -1551?
-5560123
In base 16, what is -409ff0a + -2?
-409ff0c
In base 8, what is 2067 + -504024?
-501735
In base 10, what is -2846 + 116772?
113926
In base 14, what is b62 + -4169b?
-40939
In base 3, what is 202022 - -1110102211210?
1110110121002
In base 8, what is 54 + -1424673?
-1424617
In base 9, what is -26 - 1186812?
-1186838
In base 9, what is 8 - -37063127?
37063136
In base 10, what is 9 - 57356289?
-57356280
In base 16, what is 4 + -176c0c?
-176c08
In base 16, what is 58d04 + -d?
58cf7
In base 12, what is -1b5 + -42b?
-624
In base 7, what is 1 + 1514456465?
1514456466
In base 13, what is 677 - 11c96?
-1161c
In base 11, what is -22 - 2a1514?
-2a1536
In base 16, what is -2 + 1fd0d4?
1fd0d2
In base 11, what is 3 + 2087492?
2087495
In base 9, what is -1576712 + 201?
-1576511
In base 3, what is -100122200 + -102211?
-101002111
In base 12, what is -1 - -780119?
780118
In base 7, what is 42662 + -31304?
11355
In base 6, what is 143054 + -2241?
140413
In base 7, what is -33246 + 35601?
2322
In base 9, what is 21731126 + -15?
21731111
In base 13, what is -1b764c08 + 2?
-1b764c06
In base 2, what is -11001011000011 + -11100100?
-11001110100111
In base 4, what is 300203311 + 2232?
300212203
In base 7, what is -161452263 + -16?
-161452312
In base 3, what is 2112122 + 1102110111?
1112000010
In base 6, what is 3 + 44451455?
44451502
In base 4, what is 21030101301232 + 2?
21030101301300
In base 16, what is -a - 1a2bf53?
-1a2bf5d
In base 5, what is 10321134 - -124?
10321313
In base 2, what is 100000000011011000001001 + -11?
100000000011011000000110
In base 8, what is -11354 + 41245?
27671
In base 13, what is -12bc - 8998?
-9c87
In base 3, what is -1200 + 2210222012021?
2210222010121
In base 6, what is -1330 + -1555233?
-2001003
In base 3, what is -120001012100 - 1212?
-120001021012
In base 6, what is 2 - -142131?
142133
In base 5, what is -3 - 1322444110?
-1322444113
In base 4, what is -12210 - -1203130?
1130320
In base 15, what is 5ca - -93735?
93d10
In base 16, what is -18 - 1492c2?
-1492da
In base 12, what is -4 - 9a720?
-9a724
In base 10, what is -36949 + -11?
-36960
In base 16, what is 25b2e8b + -6?
25b2e85
In base 5, what is -421432 - 30204?
-1002141
In base 10, what is 52693 - 1635?
51058
In base 7, what is 53463 - 631?
52532
In base 13, what is 9 + 4c9b291?
4c9b29a
In base 12, what is -5a24179 - 5a?
-5a24217
In base 7, what is 56562622 - 120?
56562502
In base 13, what is 1871394 + 0?
1871394
In base 11, what is 445 - -10773a?
108084
In base 3, what is -1120222222012 - -1210?
-1120222220102
In base 12, what is 2 + -137b4?
-137b2
In base 7, what is 5 + -112554162?
-112554154
In base 14, what is -2141 - -102?
-203d
In base 13, what is -43c614 - 8?
-43c61c
In base 3, what is -22221122022021 - 11?
-22221122022102
In base 13, what is -9909990 - -8?
-9909985
In base 2, what is -110101 + -100010110011101000010?
-100010110011101110111
In base 11, what is 1940365 + 184?
1940539
In base 13, what is 512 + -19573?
-19061
In base 8, what is -1 + -156713700?
-156713701
In base 11, what is -8a76 + -408?
-9383
In base 5, what is -2334132013 - 34?
-2334132102
In base 16, what is -3485 + 4c?
-3439
In base 12, what is 2a77 + -15086?
-1220b
In base 10, what is 91 - -3400?
3491
In base 7, what is 4 + -253661343?
-253661336
In base 4, what is -30211222 + -1210?
-30213032
In base 14, what is -21a + 218056?
217c3a
In base 10, what is 2 + -11078379?
-11078377
In base 10, what is -4693 - 124?
-4817
In base 12, what is -15058 - -772?
-144a6
In base 6, what is 42240522 - -55?
42241021
In base 6, what is -440355 + 202541?
-233414
In base 6, what is -122004442 - -131?
-122004311
In base 14, what is 6150612 + 8?
615061a
In base 5, what is 124140002 + -2402?
124132100
In base 2, what is -100110111100100111111000001 + 100?
-100110111100100111110111101
In base 3, what is 11010102002020101 - 112?
11010102002012212
In base 2, what is 1000 - -100111001000110000000010111?
100111001000110000000011111
In base 16, what is b8 - 43dd?
-4325
In base 3, what is 1 - -102211120120012?
102211120120020
In base 3, what is -10200 - 20210001011?
-20210011211
In base 6, what is 35431502243 - 1?
35431502242
In base 16, what is -5bc - 11a20?
-11fdc
In base 16, what is -812f68b - -5?
-812f686
In base 14, what is -31 - bacc32?
-bacc63
In base 16, what is -761d27 + -3b?
-761d62
In base 11, what is -34747 + -522?
-35169
In base 9, what is 142333 + -23?
142310
In base 12, what is -1530a53 + -2?
-1530a55
In base 5, what is -111044042 - 312?
-111044404
In base 16, what is 6e - 82157?
-820e9
In base 9, what is -8 + -68524833?
-68524842
In base 2, what is -11101010110000011011 - -10000?
-11101010110000001011
In base 11, what is -49 - -402